
8
Convert 4 (base 7) to base 4.
10
Convert 2b (base 12) to base 8.
43
What is 41 (base 15) in base 3?
2021
3 (base 15) to base 7
3
What is -12 (base 5) in base 2?
-111
-31 (base 12) to base 14
-29
What is -10 (base 8) in base 6?
-12
Convert -1011 (base 3) to base 7.
-43
Convert 11 (base 11) to base 16.
c
Convert 3 (base 7) to base 16.
3
Convert 1010 (base 2) to base 4.
22
What is -2 (base 3) in base 6?
-2
-12122 (base 3) to base 9
-178
Convert -5 (base 14) to base 12.
-5
What is 3 (base 10) in base 8?
3
What is 111 (base 3) in base 11?
12
What is -1000 (base 5) in base 16?
-7d
Convert 6 (base 15) to base 16.
6
What is 3 (base 10) in base 11?
3
-97 (base 16) to base 5
-1101
What is 0 (base 7) in base 4?
0
Convert -4 (base 16) to base 9.
-4
3 (base 14) to base 11
3
Convert -1111 (base 2) to base 10.
-15
Convert 4 (base 9) to base 14.
4
90 (base 12) to base 3
11000
What is -5 (base 12) in base 15?
-5
456 (base 7) to base 9
283
What is -13 (base 5) in base 16?
-8
-10000 (base 2) to base 8
-20
Convert -22 (base 11) to base 8.
-30
What is 2 (base 15) in base 13?
2
2 (base 8) to base 2
10
What is 300 (base 8) in base 13?
11a
What is -18 (base 12) in base 15?
-15
Convert -400 (base 5) to base 13.
-79
Convert -9 (base 15) to base 13.
-9
-5 (base 9) to base 10
-5
Convert -a (base 16) to base 3.
-101
What is db (base 15) in base 11?
178
Convert -41 (base 5) to base 16.
-15
What is 2 (base 7) in base 15?
2
Convert -1 (base 9) to base 15.
-1
-3 (base 6) to base 5
-3
-96 (base 11) to base 14
-77
-5 (base 14) to base 13
-5
What is 19 (base 12) in base 14?
17
30 (base 8) to base 10
24
212 (base 5) to base 6
133
What is 3 (base 4) in base 12?
3
What is -10133 (base 4) in base 14?
-167
What is 2 (base 16) in base 15?
2
Convert 5 (base 6) to base 12.
5
What is -51 (base 11) in base 7?
-110
Convert -3 (base 12) to base 15.
-3
Convert 123 (base 4) to base 8.
33
What is 47 (base 14) in base 16?
3f
45 (base 12) to base 2
110101
Convert -16 (base 7) to base 2.
-1101
What is 101 (base 4) in base 8?
21
Convert -165 (base 9) to base 10.
-140
Convert 4 (base 11) to base 14.
4
Convert 10101 (base 2) to base 3.
210
7 (base 8) to base 7
10
Convert -3 (base 8) to base 2.
-11
What is -122 (base 3) in base 4?
-101
What is cc (base 13) in base 6?
440
-100 (base 5) to base 13
-1c
What is -1001 (base 5) in base 15?
-86
What is -20 (base 9) in base 11?
-17
What is -2 (base 12) in base 15?
-2
What is 3 (base 11) in base 2?
11
What is -323 (base 9) in base 6?
-1120
What is 2112 (base 3) in base 5?
233
-1 (base 8) to base 4
-1
Convert -17 (base 14) to base 11.
-1a
What is 12 (base 6) in base 11?
8
What is 21 (base 3) in base 14?
7
-4 (base 15) to base 10
-4
0 (base 6) to base 16
0
b4 (base 14) to base 15
a8
10201 (base 3) to base 13
79
What is -121 (base 16) in base 15?
-144
Convert -7 (base 11) to base 6.
-11
2 (base 9) to base 2
10
9b (base 12) to base 16
77
Convert -187 (base 10) to base 14.
-d5
1122 (base 5) to base 3
20000
Convert -11 (base 2) to base 3.
-10
Convert 15 (base 14) to base 9.
21
What is 1c5 (base 13) in base 8?
512
What is -10 (base 5) in base 2?
-101
Convert -85 (base 11) to base 2.
-1011101
3 (base 12) to base 7
3
1 (base 3) to base 13
1
What is -46 (base 7) in base 9?
-37
-2 (base 3) to base 9
-2
Convert 1 (base 6) to base 15.
1
Convert 7 (base 13) to base 8.
7
Convert 1000 (base 2) to base 6.
12
2 (base 9) to base 6
2
What is 59 (base 13) in base 3?
2202
What is -65 (base 9) in base 11?
-54
What is -63 (base 16) in base 8?
-143
-510 (base 7) to base 10
-252
1 (base 6) to base 3
1
Convert 1 (base 7) to base 6.
1
21 (base 16) to base 8
41
What is 2a (base 11) in base 8?
40
12 (base 12) to base 10
14
-4 (base 10) to base 16
-4
Convert -30 (base 15) to base 3.
-1200
Convert -20110 (base 3) to base 13.
-105
What is -1 (base 9) in base 6?
-1
Convert 12 (base 14) to base 15.
11
What is -21 (base 6) in base 2?
-1101
-15 (base 16) to base 2
-10101
-34 (base 11) to base 2
-100101
-13 (base 8) to base 3
-102
-6 (base 7) to base 2
-110
Convert -11 (base 4) to base 14.
-5
Convert -5 (base 14) to base 4.
-11
Convert -1 (base 8) to base 13.
-1
-4 (base 9) to base 11
-4
What is -8 (base 15) in base 14?
-8
Convert 12 (base 4) to base 14.
6
Convert -45 (base 9) to base 14.
-2d
What is -11 (base 6) in base 12?
-7
22 (base 5) to base 8
14
522 (base 6) to base 12
142
-23 (base 9) to base 8
-25
What is -11101010 (base 2) in base 7?
-453
Convert -12 (base 8) to base 3.
-101
Convert 1f (base 16) to base 14.
23
What is -13 (base 4) in base 12?
-7
What is 1b (base 13) in base 11?
22
What is -5 (base 12) in base 8?
-5
What is 3 (base 10) in base 4?
3
Convert 0 (base 5) to base 3.
0
What is 0 (base 11) in base 12?
0
What is -3 (base 11) in base 5?
-3
What is 9 (base 13) in base 5?
14
1011 (base 2) to base 10
11
-13 (base 9) to base 6
-20
What is -7 (base 15) in base 16?
-7
What is -152 (base 7) in base 10?
-86
-19 (base 15) to base 16
-18
Convert -18 (base 11) to base 14.
-15
What is 11f (base 16) in base 4?
10133
1033 (base 4) to base 10
79
What is 11001 (base 2) in base 14?
1b
Convert -11 (base 9) to base 14.
-a
10 (base 13) to base 14
d
-6 (base 16) to base 12
-6
Convert -98 (base 16) to base 4.
-2120
Convert 2 (base 5) to base 4.
2
Convert -134 (base 12) to base 4.
-2320
What is 3 (base 9) in base 8?
3
2c (base 14) to base 12
34
2 (base 8) to base 10
2
-1000 (base 3) to base 10
-27
Convert -8 (base 15) to base 8.
-10
What is 2 (base 12) in base 8?
2
-142 (base 7) to base 4
-1033
Convert -32 (base 6) to base 10.
-20
-80 (base 10) to base 5
-310
What is 4 (base 16) in base 4?
10
Convert 24 (base 15) to base 16.
22
2 (base 7) to base 9
2
1202 (base 3) to base 16
2f
-4 (base 11) to base 3
-11
Convert -23 (base 8) to base 6.
-31
What is 75 (base 11) in base 2?
1010010
What is -1 (base 6) in base 15?
-1
2 (base 11) to base 12
2
What is -98 (base 10) in base 15?
-68
3 (base 12) to base 11
3
Convert 1 (base 3) to base 14.
1
5a (base 16) to base 7
156
What is 16 (base 9) in base 16?
f
What is a5 (base 11) in base 12?
97
37 (base 10) to base 13
2b
-3 (base 8) to base 16
-3
What is 3 (base 5) in base 9?
3
What is -45 (base 11) in base 14?
-37
-22 (base 6) to base 15
-e
1 (base 7) to base 15
1
Convert -111 (base 2) to base 10.
-7
Convert -12 (base 12) to base 11.
-13
What is -5 (base 6) in base 9?
-5
-b (base 12) to base 13
-b
10 (base 13) to base 11
12
What is 13 (base 6) in base 14?
9
What is 113 (base 9) in base 6?
233
1201 (base 3) to base 8
56
Convert 77 (base 9) to base 4.
1012
Convert -22 (base 10) to base 4.
-112
What is 4 (base 9) in base 10?
4
14 (base 16) to base 5
40
Convert -20 (base 7) to base 2.
-1110
18 (base 10) to base 7
24
1010 (base 3) to base 11
28
Convert -10 (base 12) to base 7.
-15
Convert -100 (base 3) to base 16.
-9
-1232 (base 4) to base 10
-110
5 (base 16) to base 9
5
What is 53 (base 10) in base 9?
58
What is 20 (base 6) in base 10?
12
What is -510 (base 6) in base 15?
-c6
What is 2 (base 13) in base 8?
2
What is 4 (base 13) in base 11?
4
12 (base 5) to base 6
11
What is -126 (base 7) in base 9?
-76
-164 (base 10) to base 7
-323
100 (base 4) to base 16
10
Convert -2033 (base 4) to base 12.
-bb
Convert 28 (base 12) to base 11.
2a
What is 1 (base 15) in base 11?
1
241 (base 9) to base 14
103
Convert -137 (base 13) to base 16.
-d7
What is -7 (base 10) in base 15?
-7
What is 1c (base 14) in base 15?
1b
What is 1 (base 11) in base 7?
1
9 (base 13) to base 10
9
Convert 114 (base 13) to base 9.
226
-3d (base 14) to base 15
-3a
What is -1010 (base 2) in base 9?
-11
Convert 10010 (base 2) to base 3.
200
What is -1100111 (base 2) in base 4?
-1213
Convert -1 (base 4) to base 5.
-1
Convert 26 (base 9) to base 8.
30
What is -2 (base 16) in base 15?
-2
-15 (base 16) to base 2
-10101
What is 1 (base 8) in base 10?
1
Convert -b (base 16) to base 11.
-10
Convert -3 (base 10) to base 2.
-11
Convert 17 (base 10) to base 4.
101
Convert -3 (base 11) to base 5.
-3
What is -92 (base 11) in base 5?
-401
What is 1 (base 9) in base 8?
1
20 (base 4) to base 2
1000
What is 2 (base 9) in base 13?
2
-3 (base 14) to base 3
-10
Convert -1 (base 11) to base 6.
-1
-11000 (base 2) to base 9
-26
Convert 3a (base 15) to base 16.
37
What is 6 (base 7) in base 9?
6
What is -e (base 16) in base 13?
-1